{"id":155,"date":"2024-04-20T18:50:08","date_gmt":"2024-04-20T16:50:08","guid":{"rendered":"http:\/\/naszdomopoczno.pl\/?page_id=155"},"modified":"2026-03-12T08:24:30","modified_gmt":"2026-03-12T07:24:30","slug":"przetargi","status":"publish","type":"page","link":"https:\/\/naszdomopoczno.pl\/?page_id=155","title":{"rendered":"PRZETARGI"},"content":{"rendered":"<p><strong>Rok 2026<\/strong><\/p>\n<p><strong>Marzec<\/strong><\/p>\n<p><a href=\"https:\/\/naszdomopoczno.pl\/wp-content\/uploads\/2026\/03\/Ogloszenie_przetarg-1.pdf\">2026.03.12- V Przetarg_mieszkanie_Kopernika 16<\/a><\/p>\n<p><strong>Rok 2025<\/strong><\/p>\n<p><strong>Lipiec<\/strong><\/p>\n<p><a href=\"https:\/\/naszdomopoczno.pl\/wp-content\/uploads\/2025\/07\/SIWZ_20250724_Jana-Pawla-II-7B.pdf\">2025.07.24-Jana Paw\u0142a II 7B<\/a><\/p>\n<p><a href=\"https:\/\/naszdomopoczno.pl\/wp-content\/uploads\/2025\/07\/SIWZ_20250724_Biernackiego-22.pdf\">2025.07.24-Biernackiego 22<\/a><\/p>\n<p><a href=\"https:\/\/naszdomopoczno.pl\/wp-content\/uploads\/2025\/07\/SIWZ_20250724_Partyzantow-43.pdf\">2025.07.24-Partyzant\u00f3w 43<\/a><\/p>\n<p><a href=\"https:\/\/naszdomopoczno.pl\/wp-content\/uploads\/2025\/07\/SIWZ_20250724_Kopernika-3A.pdf\">2025.07.24-Kopernika 3A<\/a><\/p>\n<p><a href=\"https:\/\/naszdomopoczno.pl\/wp-content\/uploads\/2025\/07\/SIWZ_20250724_Westerplatte-9.pdf\">2025.07.24-Westerplatte 9<\/a><\/p>\n<p><a href=\"https:\/\/naszdomopoczno.pl\/wp-content\/uploads\/2025\/07\/SIWZ_20250724_Kossaka-4.pdf\">2025.07.24-Kossaka 4<\/a><\/p>\n<p><a href=\"https:\/\/naszdomopoczno.pl\/wp-content\/uploads\/2025\/07\/SIWZ_20250724_Kossaka-6.pdf\">2025.07.24-Kossaka 6<\/a><\/p>\n<p><a href=\"https:\/\/naszdomopoczno.pl\/wp-content\/uploads\/2025\/07\/SIWZ_20250724_Kopernika-13.pdf\">2025.07.24-Kopernika 13<\/a><\/p>\n<p><a href=\"https:\/\/naszdomopoczno.pl\/wp-content\/uploads\/2025\/07\/SIWZ_20250724_Kopernika-19.pdf\">2025.07.24-Kopernika 19<\/a><\/p>\n<p><a href=\"https:\/\/naszdomopoczno.pl\/wp-content\/uploads\/2025\/07\/SIWZ_20250724_Wyszynskiego-9.pdf\">2025.07.24-Wyszy\u0144skiego 9<\/a><\/p>\n<p><a href=\"https:\/\/naszdomopoczno.pl\/wp-content\/uploads\/2025\/07\/SIWZ_20250724_Wyszynskiego-15.pdf\">2025.07.24-Wyszy\u0144skiego 15<\/a><\/p>\n<p><a href=\"https:\/\/naszdomopoczno.pl\/wp-content\/uploads\/2025\/07\/SIWZ_20250724_Zamkowa-7.pdf\">2025.07.24-Zamkowa 7<\/a><\/p>\n<p><a href=\"https:\/\/naszdomopoczno.pl\/wp-content\/uploads\/2025\/07\/SIWZ_20250724_Zamkowa-8.pdf\">2025.07.24-Zamkowa 8<\/a><\/p>\n<p><a href=\"https:\/\/naszdomopoczno.pl\/wp-content\/uploads\/2025\/07\/SIWZ_20250724_Glinianki-62.pdf\">2025.07.24-Glinianki 62<\/a><\/p>\n<p><a href=\"https:\/\/naszdomopoczno.pl\/wp-content\/uploads\/2025\/07\/SIWZ_20250724_Uslugi-kominiarskie.pdf\">2025.07.24-Us\u0142ugi kominiarskie<\/a><\/p>\n<p><a href=\"https:\/\/naszdomopoczno.pl\/wp-content\/uploads\/2025\/07\/20250724_Umowa.pdf\">2025.07.24-Umowa<\/a><\/p>\n<p><strong>Maj<\/strong><\/p>\n<p><a href=\"https:\/\/naszdomopoczno.pl\/wp-content\/uploads\/2025\/06\/Przetarg_Kopernika-16.pdf\">2025.05.22- IV Przetarg_mieszkanie_Kopernika 16<\/a><\/p>\n<p><strong>Kwiecie\u0144<\/strong><\/p>\n<p><a href=\"https:\/\/naszdomopoczno.pl\/wp-content\/uploads\/2025\/04\/Ogloszenie-o-przetargu_-WM-Partyzantow-59A.pdf\">2025.04.11- Og\u0142oszenie o przetargu_ WM Partyzant\u00f3w 59A<\/a><\/p>\n<p><strong>Stycze\u0144<\/strong><\/p>\n<p><a href=\"https:\/\/naszdomopoczno.pl\/wp-content\/uploads\/2025\/01\/Ogloszenie_przetarg.pdf\">2025.01.16- III Przetarg_mieszkanie_Kopernika 16<\/a><\/p>\n<p><strong>Rok 2024<\/strong><\/p>\n<p><strong>Pa\u017adziernik<\/strong><\/p>\n<p><a href=\"https:\/\/naszdomopoczno.pl\/wp-content\/uploads\/2024\/10\/Ogloszenie_przetarg.pdf\">2024.10.24- II Przetarg_mieszkanie_Kopernika 16<\/a><\/p>\n<p><a href=\"https:\/\/naszdomopoczno.pl\/wp-content\/uploads\/2024\/10\/SWZ_20241003_Jana-Pawla-II-7B.pdf\">2024.10.03-Jana Paw\u0142a II 7B<\/a><\/p>\n<p><a href=\"https:\/\/naszdomopoczno.pl\/wp-content\/uploads\/2024\/10\/SWZ_20241003_Zeromskiego-5.pdf\">2024.10.03-\u017beromskiego 5<\/a><\/p>\n<p><a href=\"https:\/\/naszdomopoczno.pl\/wp-content\/uploads\/2024\/10\/SWZ_20241003_Zeromskiego-5A.pdf\">2024.10.03-\u017beromskiego 5A<\/a><\/p>\n<p><a href=\"https:\/\/naszdomopoczno.pl\/wp-content\/uploads\/2024\/10\/SWZ_20241003_Spacerowa-12.pdf\">2024.10.03-Spacerowa 12<\/a><\/p>\n<p><a href=\"https:\/\/naszdomopoczno.pl\/wp-content\/uploads\/2024\/10\/SWZ_20241003_Spacerowa-14.pdf\">2024.10.03-Spacerowa 14<\/a><\/p>\n<p><a href=\"https:\/\/naszdomopoczno.pl\/wp-content\/uploads\/2024\/10\/SWZ_20241003_Biernackiego-22.pdf\">2024.10.03-Biernackiego 22<\/a><\/p>\n<p><a href=\"https:\/\/naszdomopoczno.pl\/wp-content\/uploads\/2024\/10\/SWZ_20241003_Kopernika-17.pdf\">2024.10.03-Kopernika 17<\/a><\/p>\n<p><a href=\"https:\/\/naszdomopoczno.pl\/wp-content\/uploads\/2024\/10\/SWZ_20241003_Kopernika-19.pdf\">2024.10.03-Kopernika 19<\/a><\/p>\n<p><a href=\"https:\/\/naszdomopoczno.pl\/wp-content\/uploads\/2024\/10\/SWZ_20241003_Kopernika-23.pdf\">2024.10.03-Kopernika 23<\/a><\/p>\n<p><a href=\"https:\/\/naszdomopoczno.pl\/wp-content\/uploads\/2024\/10\/SWZ_20241003_Kossaka-20.pdf\">2024.10.03-Kossaka 20<\/a><\/p>\n<p><a href=\"https:\/\/naszdomopoczno.pl\/wp-content\/uploads\/2024\/10\/SWZ_20241003_Wyszynskiego-9.pdf\">2024.10.03-Wyszy\u0144skiego 9<\/a><\/p>\n<p><a href=\"https:\/\/naszdomopoczno.pl\/wp-content\/uploads\/2024\/10\/SWZ_20241003_Partyzantow-45_2.pdf\">2024.10.03-Partyzant\u00f3w 45_1<\/a><\/p>\n<p><a href=\"https:\/\/naszdomopoczno.pl\/wp-content\/uploads\/2024\/10\/SWZ_20241003_Partyzantow-45_1.pdf\">2024.10.03-Partyzant\u00f3w 45_2<\/a><\/p>\n<p><a href=\"https:\/\/naszdomopoczno.pl\/wp-content\/uploads\/2024\/10\/20241003_Umowa.pdf\">2024.10.03-Umowa<\/a><\/p>\n<p><a href=\"https:\/\/naszdomopoczno.pl\/wp-content\/uploads\/2024\/10\/SWZ_20241003_Uslugi-kominiarskie.pdf\">2024.10.03-Us\u0142ugi kominiarskie<\/a><\/p>\n<p><strong>Wrzesie\u0144<\/strong><\/p>\n<p><a href=\"https:\/\/naszdomopoczno.pl\/wp-content\/uploads\/2024\/08\/przetarg_mieszkanie_29_08_2024.pdf\">2024.08.29 &#8211; Przetarg_mieszkanie_Kopernika 16<\/a><\/p>\n<p>&nbsp;<\/p>\n<p><strong>Rok 2023<\/strong><br \/>\n<a href=\"http:\/\/www.naszdomopoczno.pl\/przetargi\/2023\/swz_20231114_01_dostawa_oleju_grzewczego_falkow.pdf\">2023.11.14 &#8211; SWZ &#8211; Dostawa oleju grzewczego Fa\u0142k\u00f3w<\/a><br \/>\n<a href=\"http:\/\/www.naszdomopoczno.pl\/przetargi\/2023\/swz_20231114_02_kwiatowa38.pdf\">2023.11.14 &#8211; SWZ &#8211; Kwiatowa 38<\/a><br \/>\n<a href=\"http:\/\/www.naszdomopoczno.pl\/przetargi\/2023\/swz_20231114_03_zeromskiego8.pdf\">2023.11.14 &#8211; SWZ &#8211; \u017beromskiego 8<\/a><br \/>\n<a href=\"http:\/\/www.naszdomopoczno.pl\/przetargi\/2023\/swz_20231114_04_spacerowa12.pdf\">2023.11.14 &#8211; SWZ &#8211; Spacerowa 12<\/a><br \/>\n<a href=\"http:\/\/www.naszdomopoczno.pl\/przetargi\/2023\/swz_20231114_05_spacerowa14.pdf\">2023.11.14 &#8211; SWZ &#8211; Spacerowa 14<\/a><br \/>\n<a href=\"http:\/\/www.naszdomopoczno.pl\/przetargi\/2023\/swz_20231114_06_kopernika11.pdf\">2023.11.14 &#8211; SWZ &#8211; Kopernika 11<\/a><br \/>\n<a href=\"http:\/\/www.naszdomopoczno.pl\/przetargi\/2023\/swz_20230912_kopernika11.pdf\">2023.09.12 &#8211; SWZ &#8211; Kopernika 11<\/a><br \/>\n<a href=\"http:\/\/www.naszdomopoczno.pl\/przetargi\/2023\/swz_20230912_kopernika17.pdf\">2023.09.12 &#8211; SWZ &#8211; Kopernika 17<\/a><br \/>\n<a href=\"http:\/\/www.naszdomopoczno.pl\/przetargi\/2023\/swz_20230912_kopernika19.pdf\">2023.09.12 &#8211; SWZ &#8211; Kopernika 19<\/a><br \/>\n<a href=\"http:\/\/www.naszdomopoczno.pl\/przetargi\/2023\/swz_20230912_kopernika23.pdf\">2023.09.12 &#8211; SWZ &#8211; Kopernika 23<\/a><br \/>\n<a href=\"http:\/\/www.naszdomopoczno.pl\/przetargi\/2023\/swz_20230912_kossaka18.pdf\">2023.09.12 &#8211; SWZ &#8211; Kossaka 18<\/a><br \/>\n<a href=\"http:\/\/www.naszdomopoczno.pl\/przetargi\/2023\/swz_20230912_kwiatowa38.pdf\">2023.09.12 &#8211; SWZ &#8211; Kwiatowa 38<\/a><br \/>\n<a href=\"http:\/\/www.naszdomopoczno.pl\/przetargi\/2023\/swz_20230912_partyzantow43.pdf\">2023.09.12 &#8211; SWZ &#8211; Partyzant\u00f3w 43<\/a><br \/>\n<a href=\"http:\/\/www.naszdomopoczno.pl\/przetargi\/2023\/swz_20230912_spacerowa12.pdf\">2023.09.12 &#8211; SWZ &#8211; Spacerowa 12<\/a><br \/>\n<a href=\"http:\/\/www.naszdomopoczno.pl\/przetargi\/2023\/swz_20230912_spacerowa14.pdf\">2023.09.12 &#8211; SWZ &#8211; Spacerowa 14<\/a><br \/>\n<a href=\"http:\/\/www.naszdomopoczno.pl\/przetargi\/2023\/swz_20230912_wyszynskiego15.pdf\">2023.09.12 &#8211; SWZ &#8211; Wyszy\u0144skiego 15<\/a><br \/>\n<a href=\"http:\/\/www.naszdomopoczno.pl\/przetargi\/2023\/swz_20230912_wyszynskiego15_dodatkowe.pdf\">2023.09.12 &#8211; SWZ &#8211; Wyszy\u0144skiego 15 (dodatkowe)<\/a><br \/>\n<a href=\"http:\/\/www.naszdomopoczno.pl\/przetargi\/2023\/swz_20230912_zamkowa7.pdf\">2023.09.12 &#8211; SWZ &#8211; Zamkowa 7<\/a><br \/>\n<a href=\"http:\/\/www.naszdomopoczno.pl\/przetargi\/2023\/swz_20230912_zamkowa8.pdf\">2023.09.12 &#8211; SWZ &#8211; Zamkowa 8<\/a><br \/>\n<a href=\"http:\/\/www.naszdomopoczno.pl\/przetargi\/2023\/swz_umowa_zamkowa8.pdf\">2023.09.12 &#8211; SWZ &#8211; Zamkowa 8 (umowa)<\/a><br \/>\n<a href=\"http:\/\/www.naszdomopoczno.pl\/przetargi\/2023\/swz_20230912_zeromskiego5b.pdf\">2023.09.12 &#8211; SWZ &#8211; \u017beromskiego 5b<\/a><br \/>\n<a href=\"http:\/\/www.naszdomopoczno.pl\/przetargi\/2023\/swz_20230912_zeromskiego8.pdf\">2023.09.12 &#8211; SWZ &#8211; \u017beromskiego 8<\/a><\/p>\n<p>&nbsp;<\/p>\n<p><strong>Rok 2022<\/strong><\/p>\n<p>&nbsp;<\/p>\n<p>&nbsp;<\/p>\n<p><strong>Rok 2021<\/strong><\/p>\n<p>&nbsp;<\/p>\n<p>&nbsp;<\/p>\n<p><strong>Rok 2020<\/strong><\/p>\n<p><a href=\"http:\/\/www.naszdomopoczno.pl\/przetargi\/2020\/202002_przetarg_na_wykonanie_robot_remontowo_budowlanych_prac_kominiarskich_oraz_dostawe_oleju_grzewczego.pdf\">2020.07.16 \u2013 Przetarg na wykonanie rob\u00f3t remontowo-budowlanych prac kominiarskich oraz dostaw\u0119 oleju grzewczego<\/a><br \/>\n<a href=\"http:\/\/www.naszdomopoczno.pl\/przetargi\/2020\/202002_siwz01_jana_pawla_ii_7b.pdf\">2020.07.16 \u2013 SWZ \u2013 Jana Paw\u0142a II 7b<\/a><br \/>\n<a href=\"http:\/\/www.naszdomopoczno.pl\/przetargi\/2020\/202002_siwz02_jana_pawla_ii_7d.pdf\">2020.07.16 \u2013 SWZ \u2013 Jana Paw\u0142a II 7d<\/a><br \/>\n<a href=\"http:\/\/www.naszdomopoczno.pl\/przetargi\/2020\/202002_siwz03_batorego_1.pdf\">2020.07.16 \u2013 SWZ \u2013 Batorego 1<\/a><br \/>\n<a href=\"http:\/\/www.naszdomopoczno.pl\/przetargi\/2020\/202002_siwz04_zeromskiego_5a.pdf\">2020.07.16 \u2013 SWZ \u2013 \u017beromskiego 5a<\/a><br \/>\n<a href=\"http:\/\/www.naszdomopoczno.pl\/przetargi\/2020\/202002_siwz05_kopernika_11.pdf\">2020.07.16 \u2013 SWZ \u2013 Kopernika 11<\/a><br \/>\n<a href=\"http:\/\/www.naszdomopoczno.pl\/przetargi\/2020\/202002_siwz06_kopernika_13.pdf\">2020.07.16 \u2013 SWZ \u2013 Kopernika 13<\/a><br \/>\n<a href=\"http:\/\/www.naszdomopoczno.pl\/przetargi\/2020\/202002_siwz07_kopernika_17.pdf\">2020.07.16 \u2013 SWZ \u2013 Kopernika 17<\/a><br \/>\n<a href=\"http:\/\/www.naszdomopoczno.pl\/przetargi\/2020\/202002_siwz08_kopernika_19.pdf\">2020.07.16 \u2013 SWZ \u2013 Kopernika 19<\/a><br \/>\n<a href=\"http:\/\/www.naszdomopoczno.pl\/przetargi\/2020\/202002_siwz09_kopernika_23.pdf\">2020.07.16 \u2013 SWZ \u2013 Kopernika 23<\/a><br \/>\n<a href=\"http:\/\/www.naszdomopoczno.pl\/przetargi\/2020\/202002_siwz10_wyszynskiego_2.pdf\">2020.07.16 \u2013 SWZ \u2013 Wyszy\u0144skiego 2<\/a><br \/>\n<a href=\"http:\/\/www.naszdomopoczno.pl\/przetargi\/2020\/202002_siwz11_zamkowa_7_falkow.pdf\">2020.07.16 \u2013 SWZ \u2013 Zamkowa 7 (Fa\u0142k\u00f3w)<\/a><br \/>\n<a href=\"http:\/\/www.naszdomopoczno.pl\/przetargi\/2020\/202002_siwz12_zamkowa_8_falkow.pdf\">2020.07.16 \u2013 SWZ \u2013 Zamkowa 8 (Fa\u0142k\u00f3w)<\/a><br \/>\n<a href=\"http:\/\/www.naszdomopoczno.pl\/przetargi\/2020\/202002_umowa_na_wykonanie_robot_remontowo_budowlanych_projekt.pdf\">2020.07.16 \u2013 Umowa na wykonanie rob\u00f3t remontowo-budowlanych (projekt)<\/a><\/p>\n<p><a href=\"http:\/\/www.naszdomopoczno.pl\/przetargi\/2020\/202002_zamowienie_dostawy_oleju_grzewczego.pdf\">2020.07.16 \u2013 Zam\u00f3wienie dostawy oleju grzewczego<\/a><\/p>\n<p><a href=\"http:\/\/www.naszdomopoczno.pl\/przetargi\/2020\/202001_przetarg_na_wykonanie_robot_remontowo_budowlanych_oraz_prac_kominiarskich.pdf\">2020.05.26 \u2013 Przetarg na wykonanie robot remontowo-budowlanych oraz prac kominiarskich<\/a><br \/>\n<a href=\"http:\/\/www.naszdomopoczno.pl\/przetargi\/2020\/202001_siwz01_jana_pawla_ii_7b.pdf\">2020.05.26 \u2013 SWZ \u2013 Jana Paw\u0142a II 7b<\/a><br \/>\n<a href=\"http:\/\/www.naszdomopoczno.pl\/przetargi\/2020\/202001_siwz02_jana_pawla_ii_7d.pdf\">2020.05.26 \u2013 SWZ \u2013 Jana Paw\u0142a II 7d<\/a><br \/>\n<a href=\"http:\/\/www.naszdomopoczno.pl\/przetargi\/2020\/202001_siwz03_batorego_1.pdf\">2020.05.26 \u2013 SWZ \u2013 Batorego 1<\/a><br \/>\n<a href=\"http:\/\/www.naszdomopoczno.pl\/przetargi\/2020\/202001_siwz04_piotrkowska_59a.pdf\">2020.05.26 \u2013 SWZ \u2013 Piotrkowska 59a<\/a><br \/>\n<a href=\"http:\/\/www.naszdomopoczno.pl\/przetargi\/2020\/202001_siwz05_mickiewicza_9.pdf\">2020.05.26 \u2013 SWZ \u2013 Mickiewicza 9<\/a><br \/>\n<a href=\"http:\/\/www.naszdomopoczno.pl\/przetargi\/2020\/202001_siwz06_zeromskiego_2.pdf\">2020.05.26 \u2013 SWZ \u2013 \u017beromskiego 2<\/a><br \/>\n<a href=\"http:\/\/www.naszdomopoczno.pl\/przetargi\/2020\/202001_siwz07_zeromskiego_5.pdf\">2020.05.26 \u2013 SWZ \u2013 \u017beromskiego 5<\/a><br \/>\n<a href=\"http:\/\/www.naszdomopoczno.pl\/przetargi\/2020\/202001_siwz08_zeromskiego_5a.pdf\">2020.05.26 \u2013 SWZ \u2013 \u017beromskiego 5a<\/a><br \/>\n<a href=\"http:\/\/www.naszdomopoczno.pl\/przetargi\/2020\/202001_siwz09_spacerowa_14.pdf\">2020.05.26 \u2013 SWZ \u2013 Spacerowa 14<\/a><br \/>\n<a href=\"http:\/\/www.naszdomopoczno.pl\/przetargi\/2020\/202001_siwz10_westerplatte_9.pdf\">2020.05.26 \u2013 SWZ \u2013 Westerplatte 9<\/a><br \/>\n<a href=\"http:\/\/www.naszdomopoczno.pl\/przetargi\/2020\/202001_siwz11_kopernika_11.pdf\">2020.05.26 \u2013 SWZ \u2013 Kopernika 11<\/a><br \/>\n<a href=\"http:\/\/www.naszdomopoczno.pl\/przetargi\/2020\/202001_siwz12_kopernika_13.pdf\">2020.05.26 \u2013 SWZ \u2013 Kopernika 13<\/a><br \/>\n<a href=\"http:\/\/www.naszdomopoczno.pl\/przetargi\/2020\/202001_siwz13_kopernika_17.pdf\">2020.05.26 \u2013 SWZ \u2013 Kopernika 17<\/a><br \/>\n<a href=\"http:\/\/www.naszdomopoczno.pl\/przetargi\/2020\/202001_siwz14_kopernika_19.pdf\">2020.05.26 \u2013 SWZ \u2013 Kopernika 19<\/a><br \/>\n<a href=\"http:\/\/www.naszdomopoczno.pl\/przetargi\/2020\/202001_siwz15_kopernika_23.pdf\">2020.05.26 \u2013 SWZ \u2013 Kopernika 23<\/a><br \/>\n<a href=\"http:\/\/www.naszdomopoczno.pl\/przetargi\/2020\/202001_siwz16_wyszynskiego_2.pdf\">2020.05.26 \u2013 SWZ \u2013 Wyszy\u0144skiego 2<\/a><br \/>\n<a href=\"http:\/\/www.naszdomopoczno.pl\/przetargi\/2020\/202001_siwz17_wyszynskiego_4.pdf\">2020.05.26 \u2013 SWZ \u2013 Wyszy\u0144skiego 4<\/a><br \/>\n<a href=\"http:\/\/www.naszdomopoczno.pl\/przetargi\/2020\/202001_siwz18_wyszynskiego_9.pdf\">2020.05.26 \u2013 SWZ \u2013 Wyszy\u0144skiego 9<\/a><br \/>\n<a href=\"http:\/\/www.naszdomopoczno.pl\/przetargi\/2020\/202001_umowa_na_wykonanie_robot_remontowo_budowlanych_projekt.pdf\">2020.05.26 \u2013 Umowa na wykonanie rob\u00f3t remontowo-budowlanych (projekt)<\/a><\/p>\n<p><a href=\"http:\/\/www.naszdomopoczno.pl\/przetargi\/2020\/202001_uslugi_kominiarskie.pdf\">2020.05.26 \u2013 Us\u0142ugi kominiarskie<\/a><\/p>\n<p>&nbsp;<\/p>\n<p><strong>UWAGA!<\/strong> W przypadku problem\u00f3w z otworzeniem wy\u017cej przedstawionych plik\u00f3w prosz\u0119 zweryfikowa\u0107 czy w komputerze zainstalowana jest <strong>przegl\u0105darka plik\u00f3w PDF<\/strong>.<\/p>\n<p>Link do bezp\u0142atnej przegl\u0105darki plik\u00f3w PDF &#8211; <strong>Adobe Acrobat Reader<\/strong> <a href=\"https:\/\/get.adobe.com\/pl\/reader\/\">https:\/\/get.adobe.com\/pl\/reader\/<\/a><\/p>\n","protected":false},"excerpt":{"rendered":"<p>Rok 2026 Marzec 2026.03.12- V Przetarg_mieszkanie_Kopernika 16 Rok 2025 Lipiec 2025.07.24-Jana Paw\u0142a II 7B 2025.07.24-Biernackiego 22 2025.07.24-Partyzant\u00f3w 43 2025.07.24-Kopernika 3A 2025.07.24-Westerplatte 9 2025.07.24-Kossaka 4 2025.07.24-Kossaka 6 2025.07.24-Kopernika 13 2025.07.24-Kopernika 19 2025.07.24-Wyszy\u0144skiego 9 2025.07.24-Wyszy\u0144skiego 15 2025.07.24-Zamkowa 7 2025.07.24-Zamkowa 8 2025.07.24-Glinianki 62 2025.07.24-Us\u0142ugi kominiarskie 2025.07.24-Umowa Maj 2025.05.22- IV Przetarg_mieszkanie_Kopernika 16 Kwiecie\u0144 2025.04.11- Og\u0142oszenie o przetargu_ WM Partyzant\u00f3w [&hellip;]<\/p>\n","protected":false},"author":1,"featured_media":0,"parent":0,"menu_order":0,"comment_status":"closed","ping_status":"closed","template":"","meta":{"footnotes":""},"class_list":["post-155","page","type-page","status-publish","hentry"],"yoast_head":"<!-- This site is optimized with the Yoast SEO plugin v25.9 - https:\/\/yoast.com\/wordpress\/plugins\/seo\/ -->\n<title>PRZETARGI - SP\u00d3\u0141DZIELNIA MIESZKANIOWA LOKATORSKO - W\u0141ASNO\u015aCIOWA &quot;NASZ DOM&quot; W OPOCZNIE<\/title>\n<meta name=\"robots\" content=\"index, follow, max-snippet:-1, max-image-preview:large, max-video-preview:-1\" \/>\n<link rel=\"canonical\" href=\"https:\/\/naszdomopoczno.pl\/?page_id=155\" \/>\n<meta property=\"og:locale\" content=\"pl_PL\" \/>\n<meta property=\"og:type\" content=\"article\" \/>\n<meta property=\"og:title\" content=\"PRZETARGI - SP\u00d3\u0141DZIELNIA MIESZKANIOWA LOKATORSKO - W\u0141ASNO\u015aCIOWA &quot;NASZ DOM&quot; W OPOCZNIE\" \/>\n<meta property=\"og:description\" content=\"Rok 2026 Marzec 2026.03.12- V Przetarg_mieszkanie_Kopernika 16 Rok 2025 Lipiec 2025.07.24-Jana Paw\u0142a II 7B 2025.07.24-Biernackiego 22 2025.07.24-Partyzant\u00f3w 43 2025.07.24-Kopernika 3A 2025.07.24-Westerplatte 9 2025.07.24-Kossaka 4 2025.07.24-Kossaka 6 2025.07.24-Kopernika 13 2025.07.24-Kopernika 19 2025.07.24-Wyszy\u0144skiego 9 2025.07.24-Wyszy\u0144skiego 15 2025.07.24-Zamkowa 7 2025.07.24-Zamkowa 8 2025.07.24-Glinianki 62 2025.07.24-Us\u0142ugi kominiarskie 2025.07.24-Umowa Maj 2025.05.22- IV Przetarg_mieszkanie_Kopernika 16 Kwiecie\u0144 2025.04.11- Og\u0142oszenie o przetargu_ WM Partyzant\u00f3w [&hellip;]\" \/>\n<meta property=\"og:url\" content=\"https:\/\/naszdomopoczno.pl\/?page_id=155\" \/>\n<meta property=\"og:site_name\" content=\"SP\u00d3\u0141DZIELNIA MIESZKANIOWA LOKATORSKO - W\u0141ASNO\u015aCIOWA &quot;NASZ DOM&quot; W OPOCZNIE\" \/>\n<meta property=\"article:modified_time\" content=\"2026-03-12T07:24:30+00:00\" \/>\n<meta name=\"twitter:card\" content=\"summary_large_image\" \/>\n<meta name=\"twitter:label1\" content=\"Szacowany czas czytania\" \/>\n\t<meta name=\"twitter:data1\" content=\"3 minuty\" \/>\n<script type=\"application\/ld+json\" class=\"yoast-schema-graph\">{\"@context\":\"https:\/\/schema.org\",\"@graph\":[{\"@type\":\"WebPage\",\"@id\":\"https:\/\/naszdomopoczno.pl\/?page_id=155\",\"url\":\"https:\/\/naszdomopoczno.pl\/?page_id=155\",\"name\":\"PRZETARGI - SP\u00d3\u0141DZIELNIA MIESZKANIOWA LOKATORSKO - W\u0141ASNO\u015aCIOWA &quot;NASZ DOM&quot; W OPOCZNIE\",\"isPartOf\":{\"@id\":\"https:\/\/naszdomopoczno.pl\/#website\"},\"datePublished\":\"2024-04-20T16:50:08+00:00\",\"dateModified\":\"2026-03-12T07:24:30+00:00\",\"breadcrumb\":{\"@id\":\"https:\/\/naszdomopoczno.pl\/?page_id=155#breadcrumb\"},\"inLanguage\":\"pl-PL\",\"potentialAction\":[{\"@type\":\"ReadAction\",\"target\":[\"https:\/\/naszdomopoczno.pl\/?page_id=155\"]}]},{\"@type\":\"BreadcrumbList\",\"@id\":\"https:\/\/naszdomopoczno.pl\/?page_id=155#breadcrumb\",\"itemListElement\":[{\"@type\":\"ListItem\",\"position\":1,\"name\":\"Home\",\"item\":\"https:\/\/naszdomopoczno.pl\/\"},{\"@type\":\"ListItem\",\"position\":2,\"name\":\"PRZETARGI\"}]},{\"@type\":\"WebSite\",\"@id\":\"https:\/\/naszdomopoczno.pl\/#website\",\"url\":\"https:\/\/naszdomopoczno.pl\/\",\"name\":\"SP\u00d3\u0141DZIELNIA MIESZKANIOWA LOKATORSKO - W\u0141ASNO\u015aCIOWA &quot;NASZ DOM&quot; W OPOCZNIE\",\"description\":\"\",\"potentialAction\":[{\"@type\":\"SearchAction\",\"target\":{\"@type\":\"EntryPoint\",\"urlTemplate\":\"https:\/\/naszdomopoczno.pl\/?s={search_term_string}\"},\"query-input\":{\"@type\":\"PropertyValueSpecification\",\"valueRequired\":true,\"valueName\":\"search_term_string\"}}],\"inLanguage\":\"pl-PL\"}]}<\/script>\n<!-- \/ Yoast SEO plugin. -->","yoast_head_json":{"title":"PRZETARGI - SP\u00d3\u0141DZIELNIA MIESZKANIOWA LOKATORSKO - W\u0141ASNO\u015aCIOWA &quot;NASZ DOM&quot; W OPOCZNIE","robots":{"index":"index","follow":"follow","max-snippet":"max-snippet:-1","max-image-preview":"max-image-preview:large","max-video-preview":"max-video-preview:-1"},"canonical":"https:\/\/naszdomopoczno.pl\/?page_id=155","og_locale":"pl_PL","og_type":"article","og_title":"PRZETARGI - SP\u00d3\u0141DZIELNIA MIESZKANIOWA LOKATORSKO - W\u0141ASNO\u015aCIOWA &quot;NASZ DOM&quot; W OPOCZNIE","og_description":"Rok 2026 Marzec 2026.03.12- V Przetarg_mieszkanie_Kopernika 16 Rok 2025 Lipiec 2025.07.24-Jana Paw\u0142a II 7B 2025.07.24-Biernackiego 22 2025.07.24-Partyzant\u00f3w 43 2025.07.24-Kopernika 3A 2025.07.24-Westerplatte 9 2025.07.24-Kossaka 4 2025.07.24-Kossaka 6 2025.07.24-Kopernika 13 2025.07.24-Kopernika 19 2025.07.24-Wyszy\u0144skiego 9 2025.07.24-Wyszy\u0144skiego 15 2025.07.24-Zamkowa 7 2025.07.24-Zamkowa 8 2025.07.24-Glinianki 62 2025.07.24-Us\u0142ugi kominiarskie 2025.07.24-Umowa Maj 2025.05.22- IV Przetarg_mieszkanie_Kopernika 16 Kwiecie\u0144 2025.04.11- Og\u0142oszenie o przetargu_ WM Partyzant\u00f3w [&hellip;]","og_url":"https:\/\/naszdomopoczno.pl\/?page_id=155","og_site_name":"SP\u00d3\u0141DZIELNIA MIESZKANIOWA LOKATORSKO - W\u0141ASNO\u015aCIOWA &quot;NASZ DOM&quot; W OPOCZNIE","article_modified_time":"2026-03-12T07:24:30+00:00","twitter_card":"summary_large_image","twitter_misc":{"Szacowany czas czytania":"3 minuty"},"schema":{"@context":"https:\/\/schema.org","@graph":[{"@type":"WebPage","@id":"https:\/\/naszdomopoczno.pl\/?page_id=155","url":"https:\/\/naszdomopoczno.pl\/?page_id=155","name":"PRZETARGI - SP\u00d3\u0141DZIELNIA MIESZKANIOWA LOKATORSKO - W\u0141ASNO\u015aCIOWA &quot;NASZ DOM&quot; W OPOCZNIE","isPartOf":{"@id":"https:\/\/naszdomopoczno.pl\/#website"},"datePublished":"2024-04-20T16:50:08+00:00","dateModified":"2026-03-12T07:24:30+00:00","breadcrumb":{"@id":"https:\/\/naszdomopoczno.pl\/?page_id=155#breadcrumb"},"inLanguage":"pl-PL","potentialAction":[{"@type":"ReadAction","target":["https:\/\/naszdomopoczno.pl\/?page_id=155"]}]},{"@type":"BreadcrumbList","@id":"https:\/\/naszdomopoczno.pl\/?page_id=155#breadcrumb","itemListElement":[{"@type":"ListItem","position":1,"name":"Home","item":"https:\/\/naszdomopoczno.pl\/"},{"@type":"ListItem","position":2,"name":"PRZETARGI"}]},{"@type":"WebSite","@id":"https:\/\/naszdomopoczno.pl\/#website","url":"https:\/\/naszdomopoczno.pl\/","name":"SP\u00d3\u0141DZIELNIA MIESZKANIOWA LOKATORSKO - W\u0141ASNO\u015aCIOWA &quot;NASZ DOM&quot; W OPOCZNIE","description":"","potentialAction":[{"@type":"SearchAction","target":{"@type":"EntryPoint","urlTemplate":"https:\/\/naszdomopoczno.pl\/?s={search_term_string}"},"query-input":{"@type":"PropertyValueSpecification","valueRequired":true,"valueName":"search_term_string"}}],"inLanguage":"pl-PL"}]}},"_links":{"self":[{"href":"https:\/\/naszdomopoczno.pl\/index.php?rest_route=\/wp\/v2\/pages\/155","targetHints":{"allow":["GET"]}}],"collection":[{"href":"https:\/\/naszdomopoczno.pl\/index.php?rest_route=\/wp\/v2\/pages"}],"about":[{"href":"https:\/\/naszdomopoczno.pl\/index.php?rest_route=\/wp\/v2\/types\/page"}],"author":[{"embeddable":true,"href":"https:\/\/naszdomopoczno.pl\/index.php?rest_route=\/wp\/v2\/users\/1"}],"replies":[{"embeddable":true,"href":"https:\/\/naszdomopoczno.pl\/index.php?rest_route=%2Fwp%2Fv2%2Fcomments&post=155"}],"version-history":[{"count":25,"href":"https:\/\/naszdomopoczno.pl\/index.php?rest_route=\/wp\/v2\/pages\/155\/revisions"}],"predecessor-version":[{"id":832,"href":"https:\/\/naszdomopoczno.pl\/index.php?rest_route=\/wp\/v2\/pages\/155\/revisions\/832"}],"wp:attachment":[{"href":"https:\/\/naszdomopoczno.pl\/index.php?rest_route=%2Fwp%2Fv2%2Fmedia&parent=155"}],"curies":[{"name":"wp","href":"https:\/\/api.w.org\/{rel}","templated":true}]}}