{"id":75,"date":"2024-03-10T22:06:02","date_gmt":"2024-03-10T21:06:02","guid":{"rendered":"http:\/\/naszdomopoczno.pl\/?page_id=75"},"modified":"2024-04-21T16:23:47","modified_gmt":"2024-04-21T14:23:47","slug":"klauzula-informacyjna","status":"publish","type":"page","link":"https:\/\/naszdomopoczno.pl\/?page_id=75","title":{"rendered":"KLAUZULA INFORMACYJNA"},"content":{"rendered":"\r\n<p>Zgodnie z\u00a0art. 12,13 i\u00a014 Rozporz\u0105dzenia Parlamentu Europejskiego i\u00a0Rady (UE) w\u00a0sprawie ochrony os\u00f3b fizycznych w\u00a0zwi\u0105zku z\u00a0przetwarzaniem danych osobowych i\u00a0w sprawie swobodnego przep\u0142ywu takich danych oraz uchylenia dyrektywy 95\/46\/WE zwanego dalej Rozporz\u0105dzeniem z\u00a0dnia 27 kwietnia 2016 r. informuj\u0119,\u00a0i\u017c:<\/p>\r\n\r\n\r\n\r\n<p><strong>Administratorem Pani\/Pana danych osobowych jest Prezes Sp\u00f3\u0142dzielni Mieszkaniowej Lokatorsko-W\u0142asno\u015bciowej &#8222;Nasz-Dom&#8221; ul. <\/strong><strong>Partyzant\u00f3w 45, 26-300 Opoczno.<\/strong><\/p>\r\n\r\n\r\n\r\n<ol class=\"wp-block-list\">\r\n<li>Pani\/Pana dane osobowe przetwarzane b\u0119d\u0105 w\u00a0celu realizacji zada\u0144 ustawowych na podstawie ustawy o\u00a0samorz\u0105dzie powiatowym, Kodeksu post\u0119powania administracyjnego i\u00a0innych przepis\u00f3w prawa niezb\u0119dnych do realizacji zada\u0144\u00a0ustawowych.<\/li>\r\n\r\n\r\n\r\n<li>Dane kontaktowe Inspektora Ochrony Danych Sp\u00f3\u0142dzielni Mieszkaniowej Lokatorsko-W\u0142asno\u015bciowej &#8222;Nasz-Dom&#8221; w Opocznie: <strong>Renata Kochanowska-Sta\u0144czyk,<\/strong> adres e-mail: <strong><a href=\"mailto:sekretariat@naszdomopoczno.pl\">sekretariat@naszdomopoczno.pl<\/a><\/strong><\/li>\r\n\r\n\r\n\r\n<li>Odbiorc\u0105 Pani\/Pana danych osobowych b\u0119d\u0105 upowa\u017cnieni pracownicy i\u00a0podmioty na podstawie przepis\u00f3w\u00a0prawa.<\/li>\r\n\r\n\r\n\r\n<li>Pani\/Pana dane osobowe nie b\u0119d\u0105 przekazywane do pa\u0144stwa trzeciego\/organizacji\u00a0mi\u0119\u00addzynarodowej.<\/li>\r\n\r\n\r\n\r\n<li>Pani\/Pana dane osobowe b\u0119d\u0105 przechowywane przez okres wskazany w\u00a0Rozporz\u0105dzeniu Prezesa Rady Ministr\u00f3w z\u00a0dnia 18 stycznia 2011 roku w\u00a0sprawie instrukcji kancelaryjnej, jednolitych, rzeczowych wykaz\u00f3w akt oraz instrukcji w\u00a0sprawie organizacji i\u00a0zakresu dzia\u0142ania archiw\u00f3w zak\u0142adowych. (Dz. U. Nr 14, poz. 67 z\u00a0p\u00f3\u017an. zm.), licz\u0105c od pocz\u0105tku roku nast\u0119puj\u0105cego po roku, w\u00a0kt\u00f3rym zosta\u0142a wyra\u017cona zgoda na przetwarzanie danych\u00a0osobowych.<\/li>\r\n\r\n\r\n\r\n<li>Posiada Pani\/Pan prawo dost\u0119pu do tre\u015bci swoich danych oraz prawo ich sprosto\u00adwania, usuni\u0119cia, ograniczenia przetwarzania, prawo do przenoszenia danych, prawo wniesienia sprzeciwu, prawo do cofni\u0119cia zgody w\u00a0dowolnym momencie bez wp\u0142ywu na zgodno\u015b\u0107 z\u00a0prawem przetwarzania (je\u017celi przetwarzanie odbywa si\u0119 na podstawie zgody), kt\u00f3rego dokonano na podstawie zgody przed jej\u00a0cofni\u0119ciem.<\/li>\r\n\r\n\r\n\r\n<li>Ma Pan\/Pani prawo wniesienia skargi do Prezesa Urz\u0119du Ochrony Danych Osobowych gdy uzna Pani\/Pan, i\u017c przetwarza\u00adnie danych osobowych Pani\/Pana dotycz\u0105cych narusza przepisy\u00a0Rozporz\u0105dzenia.<\/li>\r\n\r\n\r\n\r\n<li>Podanie przez Pana\/Pani\u0105 danych osobowych jest wymogiem ustawowym. Jest Pan\/Pani zobowi\u0105zana do ich podania, a\u00a0konsekwencj\u0105 niepodania danych osobowych b\u0119dzie pozostawienie sprawy bez\u00a0rozpatrzenia.<\/li>\r\n<\/ol>\r\n","protected":false},"excerpt":{"rendered":"<p>Zgodnie z\u00a0art. 12,13 i\u00a014 Rozporz\u0105dzenia Parlamentu Europejskiego i\u00a0Rady (UE) w\u00a0sprawie ochrony os\u00f3b fizycznych w\u00a0zwi\u0105zku z\u00a0przetwarzaniem danych osobowych i\u00a0w sprawie swobodnego przep\u0142ywu takich danych oraz uchylenia dyrektywy 95\/46\/WE zwanego dalej Rozporz\u0105dzeniem z\u00a0dnia 27 kwietnia 2016 r. informuj\u0119,\u00a0i\u017c: Administratorem Pani\/Pana danych osobowych jest Prezes Sp\u00f3\u0142dzielni Mieszkaniowej Lokatorsko-W\u0142asno\u015bciowej &#8222;Nasz-Dom&#8221; ul. Partyzant\u00f3w 45, 26-300 Opoczno.<\/p>\n","protected":false},"author":1,"featured_media":0,"parent":0,"menu_order":0,"comment_status":"closed","ping_status":"closed","template":"","meta":{"footnotes":""},"class_list":["post-75","page","type-page","status-publish","hentry"],"yoast_head":"<!-- This site is optimized with the Yoast SEO plugin v25.9 - https:\/\/yoast.com\/wordpress\/plugins\/seo\/ -->\n<title>KLAUZULA INFORMACYJNA - SP\u00d3\u0141DZIELNIA MIESZKANIOWA LOKATORSKO - W\u0141ASNO\u015aCIOWA &quot;NASZ DOM&quot; W OPOCZNIE<\/title>\n<meta name=\"robots\" content=\"index, follow, max-snippet:-1, max-image-preview:large, max-video-preview:-1\" \/>\n<link rel=\"canonical\" href=\"https:\/\/naszdomopoczno.pl\/?page_id=75\" \/>\n<meta property=\"og:locale\" content=\"pl_PL\" \/>\n<meta property=\"og:type\" content=\"article\" \/>\n<meta property=\"og:title\" content=\"KLAUZULA INFORMACYJNA - SP\u00d3\u0141DZIELNIA MIESZKANIOWA LOKATORSKO - W\u0141ASNO\u015aCIOWA &quot;NASZ DOM&quot; W OPOCZNIE\" \/>\n<meta property=\"og:description\" content=\"Zgodnie z\u00a0art. 12,13 i\u00a014 Rozporz\u0105dzenia Parlamentu Europejskiego i\u00a0Rady (UE) w\u00a0sprawie ochrony os\u00f3b fizycznych w\u00a0zwi\u0105zku z\u00a0przetwarzaniem danych osobowych i\u00a0w sprawie swobodnego przep\u0142ywu takich danych oraz uchylenia dyrektywy 95\/46\/WE zwanego dalej Rozporz\u0105dzeniem z\u00a0dnia 27 kwietnia 2016 r. informuj\u0119,\u00a0i\u017c: Administratorem Pani\/Pana danych osobowych jest Prezes Sp\u00f3\u0142dzielni Mieszkaniowej Lokatorsko-W\u0142asno\u015bciowej &#8222;Nasz-Dom&#8221; ul. Partyzant\u00f3w 45, 26-300 Opoczno.\" \/>\n<meta property=\"og:url\" content=\"https:\/\/naszdomopoczno.pl\/?page_id=75\" \/>\n<meta property=\"og:site_name\" content=\"SP\u00d3\u0141DZIELNIA MIESZKANIOWA LOKATORSKO - W\u0141ASNO\u015aCIOWA &quot;NASZ DOM&quot; W OPOCZNIE\" \/>\n<meta property=\"article:modified_time\" content=\"2024-04-21T14:23:47+00:00\" \/>\n<meta name=\"twitter:card\" content=\"summary_large_image\" \/>\n<meta name=\"twitter:label1\" content=\"Szacowany czas czytania\" \/>\n\t<meta name=\"twitter:data1\" content=\"2 minuty\" \/>\n<script type=\"application\/ld+json\" class=\"yoast-schema-graph\">{\"@context\":\"https:\/\/schema.org\",\"@graph\":[{\"@type\":\"WebPage\",\"@id\":\"https:\/\/naszdomopoczno.pl\/?page_id=75\",\"url\":\"https:\/\/naszdomopoczno.pl\/?page_id=75\",\"name\":\"KLAUZULA INFORMACYJNA - SP\u00d3\u0141DZIELNIA MIESZKANIOWA LOKATORSKO - W\u0141ASNO\u015aCIOWA &quot;NASZ DOM&quot; W OPOCZNIE\",\"isPartOf\":{\"@id\":\"https:\/\/naszdomopoczno.pl\/#website\"},\"datePublished\":\"2024-03-10T21:06:02+00:00\",\"dateModified\":\"2024-04-21T14:23:47+00:00\",\"breadcrumb\":{\"@id\":\"https:\/\/naszdomopoczno.pl\/?page_id=75#breadcrumb\"},\"inLanguage\":\"pl-PL\",\"potentialAction\":[{\"@type\":\"ReadAction\",\"target\":[\"https:\/\/naszdomopoczno.pl\/?page_id=75\"]}]},{\"@type\":\"BreadcrumbList\",\"@id\":\"https:\/\/naszdomopoczno.pl\/?page_id=75#breadcrumb\",\"itemListElement\":[{\"@type\":\"ListItem\",\"position\":1,\"name\":\"Home\",\"item\":\"https:\/\/naszdomopoczno.pl\/\"},{\"@type\":\"ListItem\",\"position\":2,\"name\":\"KLAUZULA INFORMACYJNA\"}]},{\"@type\":\"WebSite\",\"@id\":\"https:\/\/naszdomopoczno.pl\/#website\",\"url\":\"https:\/\/naszdomopoczno.pl\/\",\"name\":\"SP\u00d3\u0141DZIELNIA MIESZKANIOWA LOKATORSKO - W\u0141ASNO\u015aCIOWA &quot;NASZ DOM&quot; W OPOCZNIE\",\"description\":\"\",\"potentialAction\":[{\"@type\":\"SearchAction\",\"target\":{\"@type\":\"EntryPoint\",\"urlTemplate\":\"https:\/\/naszdomopoczno.pl\/?s={search_term_string}\"},\"query-input\":{\"@type\":\"PropertyValueSpecification\",\"valueRequired\":true,\"valueName\":\"search_term_string\"}}],\"inLanguage\":\"pl-PL\"}]}<\/script>\n<!-- \/ Yoast SEO plugin. -->","yoast_head_json":{"title":"KLAUZULA INFORMACYJNA - SP\u00d3\u0141DZIELNIA MIESZKANIOWA LOKATORSKO - W\u0141ASNO\u015aCIOWA &quot;NASZ DOM&quot; W OPOCZNIE","robots":{"index":"index","follow":"follow","max-snippet":"max-snippet:-1","max-image-preview":"max-image-preview:large","max-video-preview":"max-video-preview:-1"},"canonical":"https:\/\/naszdomopoczno.pl\/?page_id=75","og_locale":"pl_PL","og_type":"article","og_title":"KLAUZULA INFORMACYJNA - SP\u00d3\u0141DZIELNIA MIESZKANIOWA LOKATORSKO - W\u0141ASNO\u015aCIOWA &quot;NASZ DOM&quot; W OPOCZNIE","og_description":"Zgodnie z\u00a0art. 12,13 i\u00a014 Rozporz\u0105dzenia Parlamentu Europejskiego i\u00a0Rady (UE) w\u00a0sprawie ochrony os\u00f3b fizycznych w\u00a0zwi\u0105zku z\u00a0przetwarzaniem danych osobowych i\u00a0w sprawie swobodnego przep\u0142ywu takich danych oraz uchylenia dyrektywy 95\/46\/WE zwanego dalej Rozporz\u0105dzeniem z\u00a0dnia 27 kwietnia 2016 r. informuj\u0119,\u00a0i\u017c: Administratorem Pani\/Pana danych osobowych jest Prezes Sp\u00f3\u0142dzielni Mieszkaniowej Lokatorsko-W\u0142asno\u015bciowej &#8222;Nasz-Dom&#8221; ul. Partyzant\u00f3w 45, 26-300 Opoczno.","og_url":"https:\/\/naszdomopoczno.pl\/?page_id=75","og_site_name":"SP\u00d3\u0141DZIELNIA MIESZKANIOWA LOKATORSKO - W\u0141ASNO\u015aCIOWA &quot;NASZ DOM&quot; W OPOCZNIE","article_modified_time":"2024-04-21T14:23:47+00:00","twitter_card":"summary_large_image","twitter_misc":{"Szacowany czas czytania":"2 minuty"},"schema":{"@context":"https:\/\/schema.org","@graph":[{"@type":"WebPage","@id":"https:\/\/naszdomopoczno.pl\/?page_id=75","url":"https:\/\/naszdomopoczno.pl\/?page_id=75","name":"KLAUZULA INFORMACYJNA - SP\u00d3\u0141DZIELNIA MIESZKANIOWA LOKATORSKO - W\u0141ASNO\u015aCIOWA &quot;NASZ DOM&quot; W OPOCZNIE","isPartOf":{"@id":"https:\/\/naszdomopoczno.pl\/#website"},"datePublished":"2024-03-10T21:06:02+00:00","dateModified":"2024-04-21T14:23:47+00:00","breadcrumb":{"@id":"https:\/\/naszdomopoczno.pl\/?page_id=75#breadcrumb"},"inLanguage":"pl-PL","potentialAction":[{"@type":"ReadAction","target":["https:\/\/naszdomopoczno.pl\/?page_id=75"]}]},{"@type":"BreadcrumbList","@id":"https:\/\/naszdomopoczno.pl\/?page_id=75#breadcrumb","itemListElement":[{"@type":"ListItem","position":1,"name":"Home","item":"https:\/\/naszdomopoczno.pl\/"},{"@type":"ListItem","position":2,"name":"KLAUZULA INFORMACYJNA"}]},{"@type":"WebSite","@id":"https:\/\/naszdomopoczno.pl\/#website","url":"https:\/\/naszdomopoczno.pl\/","name":"SP\u00d3\u0141DZIELNIA MIESZKANIOWA LOKATORSKO - W\u0141ASNO\u015aCIOWA &quot;NASZ DOM&quot; W OPOCZNIE","description":"","potentialAction":[{"@type":"SearchAction","target":{"@type":"EntryPoint","urlTemplate":"https:\/\/naszdomopoczno.pl\/?s={search_term_string}"},"query-input":{"@type":"PropertyValueSpecification","valueRequired":true,"valueName":"search_term_string"}}],"inLanguage":"pl-PL"}]}},"_links":{"self":[{"href":"https:\/\/naszdomopoczno.pl\/index.php?rest_route=\/wp\/v2\/pages\/75","targetHints":{"allow":["GET"]}}],"collection":[{"href":"https:\/\/naszdomopoczno.pl\/index.php?rest_route=\/wp\/v2\/pages"}],"about":[{"href":"https:\/\/naszdomopoczno.pl\/index.php?rest_route=\/wp\/v2\/types\/page"}],"author":[{"embeddable":true,"href":"https:\/\/naszdomopoczno.pl\/index.php?rest_route=\/wp\/v2\/users\/1"}],"replies":[{"embeddable":true,"href":"https:\/\/naszdomopoczno.pl\/index.php?rest_route=%2Fwp%2Fv2%2Fcomments&post=75"}],"version-history":[{"count":6,"href":"https:\/\/naszdomopoczno.pl\/index.php?rest_route=\/wp\/v2\/pages\/75\/revisions"}],"predecessor-version":[{"id":239,"href":"https:\/\/naszdomopoczno.pl\/index.php?rest_route=\/wp\/v2\/pages\/75\/revisions\/239"}],"wp:attachment":[{"href":"https:\/\/naszdomopoczno.pl\/index.php?rest_route=%2Fwp%2Fv2%2Fmedia&parent=75"}],"curies":[{"name":"wp","href":"https:\/\/api.w.org\/{rel}","templated":true}]}}